housands digit of 815414?
5
What is the hundred thousands digit of 5472437?
4
What is the ten thousands digit of 177178?
7
What is the units digit of 219020?
0
What is the tens digit of 111364?
6
What is the hundred thousands digit of 5927454?
9
What is the units digit of 9247873?
3
What is the millions digit of 2875191?
2
What is the thousands digit of 15110316?
0
What is the thousands digit of 506492?
6
What is the hundred thousands digit of 14546464?
5
What is the ten thousands digit of 786987?
8
What is the ten thousands digit of 123323?
2
What is the tens digit of 336913?
1
What is the units digit of 1538831?
1
What is the hundred thousands digit of 338279?
3
What is the units digit of 404497?
7
What is the ten thousands digit of 1010785?
1
What is the ten thousands digit of 474113?
7
What is the tens digit of 1554704?
0
What is the hundred thousands digit of 8794770?
7
What is the thousands digit of 263749?
3
What is the thousands digit of 415097?
5
What is the hundred thousands digit of 384761?
3
What is the hundreds digit of 517559?
5
What is the ten millions digit of 12862786?
1
What is the hundreds digit of 29403144?
1
What is the tens digit of 781717?
1
What is the thousands digit of 290393?
0
What is the hundreds digit of 10038113?
1
What is the ten thousands digit of 7972679?
7
What is the thousands digit of 152733?
2
What is the hundreds digit of 15826919?
9
What is the hundred thousands digit of 132266?
1
What is the hundred thousands digit of 933182?
9
What is the units digit of 328913?
3
What is the ten thousands digit of 4103664?
0
What is the units digit of 448993?
3
What is the ten thousands digit of 882627?
8
What is the units digit of 9720599?
9
What is the ten millions digit of 13921368?
1
What is the hundred thousands digit of 189385?
1
What is the millions digit of 5694339?
5
What is the tens digit of 13330?
3
What is the units digit of 141910?
0
What is the hundreds digit of 216094?
0
What is the ten thousands digit of 71984?
7
What is the tens digit of 483104?
0
What is the tens digit of 1255555?
5
What is the hundred thousands digit of 34868861?
8
What is the hundreds digit of 198069?
0
What is the hundreds digit of 14202?
2
What is the hundred thousands digit of 5018617?
0
What is the hundred thousands digit of 36255714?
2
What is the millions digit of 29979808?
9
What is the tens digit of 113395?
9
What is the millions digit of 10185242?
0
What is the hundred thousands digit of 107670?
1
What is the ten thousands digit of 28714919?
1
What is the ten thousands digit of 11252783?
5
What is the ten thousands digit of 20003?
2
What is the thousands digit of 3704167?
4
What is the hundreds digit of 857594?
5
What is the hundred thousands digit of 16324666?
3
What is the hundred thousands digit of 8446066?
4
What is the tens digit of 14948385?
8
What is the ten thousands digit of 804083?
0
What is the tens digit of 9905602?
0
What is the ten thousands digit of 13027129?
2
What is the tens digit of 7655539?
3
What is the tens digit of 202986?
8
What is the units digit of 3104112?
2
What is the hundreds digit of 1780258?
2
What is the tens digit of 261859?
5
What is the millions digit of 2761470?
2
What is the thousands digit of 1274073?
4
What is the hundreds digit of 521396?
3
What is the units digit of 14663925?
5
What is the units digit of 23882629?
9
What is the hundred thousands digit of 1159746?
1
What is the hundred thousands digit of 20577863?
5
What is the millions digit of 6129619?
6
What is the hundred thousands digit of 3617579?
6
What is the tens digit of 1054803?
0
What is the hundred thousands digit of 2762372?
7
What is the thousands digit of 489243?
9
What is the hundreds digit of 316424?
4
What is the units digit of 368954?
4
What is the units digit of 102235?
5
What is the millions digit of 4401368?
4
What is the thousands digit of 156108?
6
What is the thousands digit of 244465?
4
What is the tens digit of 12772934?
3
What is the tens digit of 1764377?
7
What is the hundreds digit of 1270799?
7
What is the units digit of 273583?
3
What is the ten thousands digit of 31842921?
4
What is the hundreds digit of 1033939?
9
What is the units digit of 1377?
7
What is the tens digit of 1077969?
6
What is the ten thousands digit of 115703?
1
What is the hundreds digit of 1420880?
8
What is the units digit of 138949?
9
What is the units digit of 486913?
3
What is the hundreds digit of 1639110?
1
What is the units digit of 23894819?
9
What is the units digit of 346831?
1
What is the millions digit of 3379708?
3
What is the hundreds digit of 1351831?
8
What is the hundred thousands digit of 2277600?
2
What is the ten thousands digit of 94483?
9
What is the units digit of 229678?
8
What is the hundred thousands digit of 2439486?
4
What is the hundred thousands digit of 803428?
8
What is the ten thousands digit of 388915?
8
What is the hundred thousands digit of 223153?
2
What is the units digit of 15453788?
8
What is the hundreds digit of 1730211?
2
What is the millions digit of 4763565?
4
What is the ten thousands digit of 468599?
6
What is the millions digit of 1839307?
1
What is the hundreds digit of 136849?
8
What is the tens digit of 17830149?
4
What is the ten thousands digit of 4656871?
5
What is the thousands digit of 370829?
0
What is the hundreds digit of 90910?
9
What is the hundreds digit of 13740438?
4
What is the hundred thousands digit of 1831434?
8
What is the tens digit of 520768?
6
What is the hundred thousands digit of 14339682?
3
What is the ten thousands digit of 8184871?
8
What is the hundred thousands digit of 124435?
1
What is the tens digit of 310073?
7
What is the units digit of 1524403?
3
What is the ten thousands digit of 9194177?
9
What is the hundred thousands digit of 19947269?
9
What is the thousands digit of 10681278?
1
What is the thousands digit of 21476855?
6
What is the ten thousands digit of 2013695?
1
What is the units digit of 2204159?
9
What is the ten thousands digit of 989863?
8
What is the thousands digit of 188333?
8
What is the tens digit of 10551?
5
What is the thousands digit of 17736713?
6
What is the millions digit of 8227843?
8
What is the thousands digit of 212127?
2
What is the hundred thousands digit of 604632?
6
What is the thousands digit of 9252695?
2
What is the hundred thousands digit of 745312?
7
What is the tens digit of 212265?
6
What is the hundreds digit of 2069312?
3
What is the units digit of 2539718?
8
What is the ten thousands digit of 11244610?
4
What is the hundred thousands digit of 516491?
5
What is the ten millions digit of 28419586?
2
What is the ten thousands digit of 398156?
9
What is the hundred thousands digit of 226684?
2
What is the ten thousands digit of 1523630?
2
What is the thousands digit of 658283?
8
What is the thousands digit of 3627501?
7
What is the ten thousands digit of 1228135?
2
What is the hundred thousands digit of 105221?
1
What is the thousands digit of 7854622?
4
What is the hundred thousands digit of 5643021?
6
What is the units digit of 228381?
1
What is the hundred thousands digit of 9640809?
6
What is the hundreds digit of 3938153?
1
What is the ten thousands digit of 204195?
0
What is the tens digit of 189028?
2
What is the hundred thousands digit of 14207817?
2
What is the hundreds digit of 268581?
5
What is the ten thousands digit of 19951987?
5
What is the units digit of 339695?
5
What is the tens digit of 469398?
9
What is the units digit of 244923?
3
What is the ten thousands digit of 16476?
1
What is the tens digit of 2207144?
4
What is the millions digit of 1652645?
1
What is the hundred thousands digit of 264120?
2
What is the tens digit of 217803?
0
What is the hundred thousands digit of 6146152?
1
What is the millions digit of 5415789?
5
What is the units digit of 89576?
6
What is the tens digit of 6900031?
3
What is the tens digit of 219517?
1
What is the ten thousands digit of 2295637?
9
What is the thousands digit of 31022722?
2
What is the hundreds digit of 218395?
3
What is the units digit of 16211402?
2
What is the millions digit of 1252165?
1
What is the ten thousands digit of 3308296?
0
What is the tens digit of 13720276?
7
What is the hundreds digit of 259066?
0
What is the thousands digit